{"id":3997,"date":"2026-05-08T07:47:49","date_gmt":"2026-05-08T05:47:49","guid":{"rendered":"https:\/\/www.gudahagen.se\/?page_id=3997"},"modified":"2026-05-08T10:08:19","modified_gmt":"2026-05-08T08:08:19","slug":"hantverkare-deltagare-2026","status":"publish","type":"page","link":"https:\/\/www.gudahagen.se\/?page_id=3997","title":{"rendered":"Hantverkare\/Deltagare 2026"},"content":{"rendered":"\n<p><\/p>\n\n\n\n<p class=\"has-text-align-center\">Hantverkare och deltagare l\u00e4ggs upp l\u00f6pande efter hand som anm\u00e4lningarna bekr\u00e4ftats och visas d\u00e4rf\u00f6r inte i bokstavsordning.<\/p>\n\n\n\n<p class=\"has-text-align-center\">I \u00e5r har vi dessutom ett lite annorlunda uppl\u00e4gg \u00e4n tidigare, vilket g\u00f6r att listan kan skilja sig n\u00e5got fr\u00e5n tidigare \u00e5r.<\/p>\n\n\n\n<p class=\"has-text-align-center\">F\u00f6r att underl\u00e4tta arbetet har vi l\u00e4nkat till en av era sidor.<\/p>\n\n\n\n<p class=\"has-text-align-center\">L\u00e4nk till f\u00f6rs\u00e4ljare\/hantverkare \u00e4r bl\u00e5. <\/p>\n\n\n\n<p class=\"has-text-align-center\">Klan\/grupp \u00e4r lila<\/p>\n\n\n\n<figure class=\"wp-block-image size-large\"><img loading=\"lazy\" decoding=\"async\" width=\"1024\" height=\"394\" src=\"https:\/\/www.gudahagen.se\/wp-content\/uploads\/2026\/05\/image-1-1024x394.jpg\" class=\"wp-image-4014\" srcset=\"https:\/\/www.gudahagen.se\/wp-content\/uploads\/2026\/05\/image-1-1024x394.jpg 1024w, https:\/\/www.gudahagen.se\/wp-content\/uploads\/2026\/05\/image-1-300x116.jpg 300w, https:\/\/www.gudahagen.se\/wp-content\/uploads\/2026\/05\/image-1-768x296.jpg 768w, https:\/\/www.gudahagen.se\/wp-content\/uploads\/2026\/05\/image-1-1536x591.jpg 1536w, https:\/\/www.gudahagen.se\/wp-content\/uploads\/2026\/05\/image-1-500x193.jpg 500w, https:\/\/www.gudahagen.se\/wp-content\/uploads\/2026\/05\/image-1.jpg 2000w\" sizes=\"auto, (max-width: 1024px) 100vw, 1024px\" \/><\/figure>\n\n\n\n<p><\/p>\n\n\n\n<p><strong>Arelas hantverk<\/strong> &#8211; <mark style=\"background-color:rgba(0,0,0,0);color:#9b51e0\" class=\"has-inline-color has-vivid-purple-color\">Gudahagen<\/mark> &#8211; smycken, kl\u00e4der och mycket annat \u201dkraffs\u201d<\/p>\n\n\n\n<p><strong><a href=\"http:\/\/Www.baggeholm.se\" target=\"_blank\" rel=\"noreferrer noopener\">Baggeholm<\/a><\/strong> &#8211; upplevelse\/uppvisningsl\u00e4ger<\/p>\n\n\n\n<p><a href=\"http:\/\/www.kottebo2020.se\" target=\"_blank\" rel=\"noreferrer noopener\"><strong>Kottebo<\/strong> <\/a>&#8211; Hantverk i tr\u00e4, horn, lera, trummor mm<\/p>\n\n\n\n<p><strong><a href=\"https:\/\/www.facebook.com\/share\/1ECX5RXoRz\/?mibextid=wwXIfr\" target=\"_blank\" rel=\"noreferrer noopener\">Sl\u00e4tternas Spa &amp; massage<\/a><\/strong> &#8211; Vikingamassage, bivaxsalvor, chaga, teer, vikingafika, hemmagjord dryck, tr\u00e4sl\u00f6jd, egenodlade gr\u00f6nsaker<\/p>\n\n\n\n<p><strong><a href=\"https:\/\/www.facebook.com\/share\/1DTaEYpsRu\/?mibextid=wwXIfr\" target=\"_blank\" rel=\"noreferrer noopener\">Energikvinnan<\/a><\/strong> &#8211; V\u00e4gledning, honung, salvor, bivax<\/p>\n\n\n\n<p><strong><a href=\"http:\/\/www.historiskafynd.se\" target=\"_blank\" rel=\"noreferrer noopener\">Historiska Fynd<\/a><\/strong> &#8211; Historiska smyckeskopior i brons &amp; silver<\/p>\n\n\n\n<p><strong>Anna &amp; Per<\/strong> &#8211; <mark style=\"background-color:rgba(0, 0, 0, 0);color:#9b51e0\" class=\"has-inline-color has-vivid-purple-color\">Halsingarna<\/mark> &#8211; Husger\u00e5d glas svepaskar smycken hantverk<\/p>\n\n\n\n<p><strong><a href=\"https:\/\/www.instagram.com\/fianns.se?igsh=MXExbjJjZ3d6enBkdQ==\" target=\"_blank\" rel=\"noreferrer noopener\">Fianns<\/a><\/strong> &#8211; Smycken I ringsl\u00f6jds teknik tex konungal\u00e4nkar och drottningl\u00e4nkar och mm.<\/p>\n\n\n\n<p><a href=\"http:\/\/Www.jlknape.se\" target=\"_blank\" rel=\"noreferrer noopener\"><strong>JLKNAPE<\/strong> <\/a>&#8211; Historiska kryddor , smycken , hornprodukter , och andra historiska attribut som v\u00e4skor , hj\u00e4lmar osv osv<\/p>\n\n\n\n<p><strong>Bj\u00f6rn &amp; Jessica<\/strong> &#8211; <mark style=\"background-color:rgba(0, 0, 0, 0);color:#9b51e0\" class=\"has-inline-color has-vivid-purple-color\">Gudahagen<\/mark> &#8211; tr\u00e4varor mm<\/p>\n\n\n\n<p><a href=\"http:\/\/www.bibruden.se\" target=\"_blank\" rel=\"noreferrer noopener\"><strong>Bibrudens Biskafferi<\/strong> <\/a>&#8211; Honungsprodukter<\/p>\n\n\n\n<p><strong>Oddeins L\u00e4der &amp; Kristall<\/strong> &#8211; L\u00e4derhantverk b\u00e4ltesv\u00e4skor mm Kristaller samt lite smycken med vikinga anknytning<\/p>\n\n\n\n<p><strong>Eitri Jewelry<\/strong> &#8211; Silversmycken, bronssmycken, kristaller<\/p>\n\n\n\n<p><strong>Heldis Livsroder<\/strong> &#8211; Medial v\u00e4gledning, coachning<\/p>\n\n\n\n<p><strong><a href=\"http:\/\/www.medeltidsmode.se\" target=\"_blank\" rel=\"noreferrer noopener\">Medeltidsmode<\/a><\/strong> &#8211; Tyger i ull, linne, brokader, m\u00f6nster till och b\u00f6cker om historisk dr\u00e4kt<\/p>\n\n\n\n<p><strong><a href=\"http:\/\/www.tyrfing.se\" target=\"_blank\" rel=\"noreferrer noopener\">Silverbullet \/  Tyrfing<\/a><\/strong> &#8211; Sv\u00e4rd, yxor, saxar, dolkar, historiska smycken i silver brons ten horn ben. L\u00e4derprodukter, kl\u00e4der mm<\/p>\n\n\n\n<p><strong>Marcus<\/strong> &#8211; <mark style=\"background-color:rgba(0, 0, 0, 0);color:#9b51e0\" class=\"has-inline-color has-vivid-purple-color\">Gudahagen<\/mark> &#8211; Huvudsakligen tr\u00e4f\u00f6rem\u00e5l s\u00e5som vandrarstavar, spel, v\u00e4skhandtag<\/p>\n\n\n\n<p><a href=\"https:\/\/www.facebook.com\/share\/1Cmq3zdLor\/?mibextid=wwXIfr\"><strong>Carinas tavlor &amp; hantverk<\/strong> <\/a>&#8211; M\u00e5lade vikingatavlor, h\u00e4sttavlor och tovar ull olika alster, vikingar, h\u00e4star, k\u00e4pph\u00e4star, bockar, f\u00e5r, lamm, tuppar, h\u00f6nor kycklingar, handleds v\u00e4rmare<\/p>\n\n\n\n<p><a href=\"http:\/\/www.irrblosssmycken.com\" target=\"_blank\" rel=\"noreferrer noopener\"><strong>Irrbloss Smycken<\/strong> <\/a>&#8211; Vikingasmycken och accessoarer i rostfritt st\u00e5l, halv\u00e4delsten och skinn<\/p>\n\n\n\n<p><strong><a href=\"https:\/\/www.facebook.com\/share\/1BCJaFoyaz\/?mibextid=wwXIfr\" target=\"_blank\" rel=\"noreferrer noopener\">EKoS Lammskinn o F\u00e5rf\u00e4llar <\/a><\/strong> &#8211; Lammskinn o F\u00e5rf\u00e4llar samt tr\u00e4hantverk<\/p>\n\n\n\n<p><strong><a href=\"https:\/\/www.facebook.com\/share\/1BhCFCmXXN\/?mibextid=wwXIfr\" target=\"_blank\" rel=\"noreferrer noopener\">Hrafnar<\/a><\/strong> &#8211; Historiska smycken, p\u00e4ls och skinn, spel, horn produkter, tr\u00e4 och sv\u00e4rd (barn) smidesprodukter<\/p>\n\n\n\n<p><strong>Tonny och Nadia<\/strong> &#8211; Smycke, n\u00e5lbundet<\/p>\n\n\n\n<p><strong><a href=\"http:\/\/www.facebook.com\/isiskallanaturmedicin\" target=\"_blank\" rel=\"noreferrer noopener\">Isis K\u00e4lla Naturmedicin <\/a><\/strong>&#8211; Kristaller, r\u00f6kelser, tv\u00e5lar, h\u00e4xklockor, tarotkort, teer, \u00f6ronljus, magiska oljor mm<\/p>\n\n\n\n<p><strong>OnkelMike<\/strong> &#8211; <mark style=\"background-color:rgba(0, 0, 0, 0);color:#9b51e0\" class=\"has-inline-color has-vivid-purple-color\">Igelkottsklanen<\/mark> &#8211; Smycken i horn, glasp\u00e4rlor, tr\u00e4 och olika l\u00e4nkar i metall s\u00e5 som kungsl\u00e4nkar samt f\u00e5rskinn med fokus p\u00e5 Stora skinn<\/p>\n\n\n\n<p><a href=\"https:\/\/sol-healing.se\/\" target=\"_blank\" rel=\"noreferrer noopener\"><strong>Sol-Healing<\/strong> <\/a> &#8211; Hantverk av healing som V\u00f6lva<\/p>\n\n\n\n<p><strong>Gyllenborst<\/strong> &#8211; N\u00e5lbundet hantverk i ullgarn (handledsv\u00e4rmare, vantar, etc), smycken (glasp\u00e4rlor) + Marmelader i burk, br\u00f6d (egengjorda limpor)<\/p>\n\n\n\n<p><strong><a href=\"https:\/\/www.facebook.com\/Leonard2713\/\" target=\"_blank\" rel=\"noreferrer noopener\">Dark Steel<\/a><\/strong> &#8211; Unika, konstn\u00e4rliga och funktionella skapelser i st\u00e5l, handsmidda av mig sj\u00e4lv, i form av dolkar och andra bladvapen, historiska och fantasy<\/p>\n\n\n\n<p><strong><a href=\"https:\/\/riddarens.wixsite.com\/minsida\">Riddarens lek &amp; spel HB<\/a><\/strong> &#8211; Riddar- resp prinsesskl\u00e4der med tillbeh\u00f6r, tr\u00e4spel, b\u00f6cker, lite kl\u00e4der till vuxna, mm<\/p>\n\n\n\n<p><a href=\"https:\/\/www.instagram.com\/fixan?igsh=MWdncnE4Z2drdTJqbQ==\" target=\"_blank\" rel=\"noreferrer noopener\"><strong>Fixan<\/strong> <\/a> &#8211; N\u00e5lbundna vantar, sockor, m\u00f6ssor. Brickv\u00e4vda band, handv\u00e4vda sjalar mm<\/p>\n\n\n\n<p><strong><a href=\"https:\/\/www.instagram.com\/forna_glas?igsh=MThyY2J5a3Fvdmlidg==\" target=\"_blank\" rel=\"noreferrer noopener\">Forna Glas<\/a><\/strong> &#8211; Handbl\u00e5sta historiska glas, mindre f\u00f6rs\u00e4ljning av husger\u00e5d &amp; textil<\/p>\n\n\n\n<p><strong><a href=\"http:\/\/www.sloydjuntan.se\" target=\"_blank\" rel=\"noreferrer noopener\">Sloydjuntan<\/a><\/strong> &#8211; <mark style=\"background-color:rgba(0, 0, 0, 0);color:#9b51e0\" class=\"has-inline-color has-vivid-purple-color\">RedAi<\/mark> &#8211; Svarvade och handsmidda varor. Ev n\u00e5lbundet &amp; ev gotter<\/p>\n\n\n\n<p><strong>Ullh\u00f6rnan<\/strong> &#8211; Tovat, brickv\u00e4vda band, vikingah\u00e4tta fr\u00e5n fynd, vikingasmycken i brons och j\u00e4rn, n\u00e5lbundet och slagna ullrep<\/p>\n\n\n\n<p><\/p>\n\n\n\n<p><\/p>\n\n\n\n<p><\/p>\n\n\n\n<p class=\"has-text-align-center has-vivid-red-color has-text-color\"><strong><mark style=\"background-color:rgba(0,0,0,0);color:#cf2e2e\" class=\"has-inline-color has-vivid-red-color\">Vad blir det f\u00f6r mat??<\/mark><\/strong><\/p>\n\n\n\n<p><\/p>\n\n\n\n<p><strong>S\u00f6rmlands j\u00e4garn<\/strong> &#8211; Viltkebab<\/p>\n","protected":false},"excerpt":{"rendered":"<p>Hantverkare och deltagare l\u00e4ggs upp l\u00f6pande efter hand som anm\u00e4lningarna bekr\u00e4ftats och visas d\u00e4rf\u00f6r inte i bokstavsordning. I \u00e5r har vi dessutom ett lite annorlunda uppl\u00e4gg \u00e4n tidigare, vilket g\u00f6r att listan kan skilja sig n\u00e5got fr\u00e5n tidigare \u00e5r. F\u00f6r &hellip; <a href=\"https:\/\/www.gudahagen.se\/?page_id=3997\">Forts\u00e4tt l\u00e4sa <span class=\"meta-nav\">&rarr;<\/span><\/a><\/p>\n","protected":false},"author":8,"featured_media":0,"parent":0,"menu_order":0,"comment_status":"closed","ping_status":"closed","template":"","meta":{"ngg_post_thumbnail":0,"footnotes":""},"class_list":["post-3997","page","type-page","status-publish","hentry"],"_links":{"self":[{"href":"https:\/\/www.gudahagen.se\/index.php?rest_route=\/wp\/v2\/pages\/3997","targetHints":{"allow":["GET"]}}],"collection":[{"href":"https:\/\/www.gudahagen.se\/index.php?rest_route=\/wp\/v2\/pages"}],"about":[{"href":"https:\/\/www.gudahagen.se\/index.php?rest_route=\/wp\/v2\/types\/page"}],"author":[{"embeddable":true,"href":"https:\/\/www.gudahagen.se\/index.php?rest_route=\/wp\/v2\/users\/8"}],"replies":[{"embeddable":true,"href":"https:\/\/www.gudahagen.se\/index.php?rest_route=%2Fwp%2Fv2%2Fcomments&post=3997"}],"version-history":[{"count":13,"href":"https:\/\/www.gudahagen.se\/index.php?rest_route=\/wp\/v2\/pages\/3997\/revisions"}],"predecessor-version":[{"id":4015,"href":"https:\/\/www.gudahagen.se\/index.php?rest_route=\/wp\/v2\/pages\/3997\/revisions\/4015"}],"wp:attachment":[{"href":"https:\/\/www.gudahagen.se\/index.php?rest_route=%2Fwp%2Fv2%2Fmedia&parent=3997"}],"curies":[{"name":"wp","href":"https:\/\/api.w.org\/{rel}","templated":true}]}}