{"id":12,"date":"2013-03-26T17:20:31","date_gmt":"2013-03-26T16:20:31","guid":{"rendered":"http:\/\/www.gudahagen.se\/?page_id=12"},"modified":"2026-02-15T16:26:51","modified_gmt":"2026-02-15T15:26:51","slug":"kontakta-oss","status":"publish","type":"page","link":"https:\/\/www.gudahagen.se\/?page_id=12","title":{"rendered":"Kontakta oss"},"content":{"rendered":"<p>Vill ni komma i kontakt med oss s\u00e5 \u00e4r det f\u00f6ljande mejl som g\u00e4ller<\/p>\n<p>kassor@gudahagen.se &#8211; allt som g\u00e4ller medlemskap, pengar och sponsring<\/p>\n<p>social@gudahagen.se &#8211; allt som r\u00f6r sociala medier, hemsida, samarbetspartners<\/p>\n<p>info@gudahagen.se &#8211; fr\u00e5gor ang marknad och allt annat mellan himmel &amp; jord<\/p>\n<p>Sedan finns vi s\u00e5klart p\u00e5 Facebook och Instagram, d\u00e4r kan man skicka ett meddelande om man k\u00e4nner f\u00f6r det<\/p>\n<p><a href=\"https:\/\/www.gudahagen.se\/wp-content\/uploads\/2017\/08\/received_10155692978106450.jpeg\"><\/a><\/p>\n<p><a href=\"https:\/\/www.gudahagen.se\/wp-content\/uploads\/2017\/08\/received_10155692978106450.jpeg\"><img loading=\"lazy\" decoding=\"async\" src=\"https:\/\/www.gudahagen.se\/wp-content\/uploads\/2026\/02\/img_8254.jpg\" class=\"size-full wp-image-3826\" width=\"1440\" height=\"1798\" srcset=\"https:\/\/www.gudahagen.se\/wp-content\/uploads\/2026\/02\/img_8254.jpg 1440w, https:\/\/www.gudahagen.se\/wp-content\/uploads\/2026\/02\/img_8254-240x300.jpg 240w, https:\/\/www.gudahagen.se\/wp-content\/uploads\/2026\/02\/img_8254-820x1024.jpg 820w, https:\/\/www.gudahagen.se\/wp-content\/uploads\/2026\/02\/img_8254-768x959.jpg 768w, https:\/\/www.gudahagen.se\/wp-content\/uploads\/2026\/02\/img_8254-1230x1536.jpg 1230w\" sizes=\"auto, (max-width: 1440px) 100vw, 1440px\" \/><\/a>Camilla &#8221;H\u00f6vdingakona&#8221; Stark<br \/>\nAnsvarsomr\u00e5de: Hantverkare, Spelm\u00e4n<\/p>\n<p>0733244425<\/p>\n<p><img loading=\"lazy\" decoding=\"async\" src=\"https:\/\/www.gudahagen.se\/wp-content\/uploads\/2025\/04\/messenger_creation_bc31132c-aa89-4448-87b5-0c619a857cd78969025034379437227.jpeg\" class=\"alignnone size-large wp-image-3023\" width=\"768\" height=\"1024\" data-temp-aztec-id=\"e6e5d4c1-28b7-4642-864a-142b4f2997c5\" srcset=\"https:\/\/www.gudahagen.se\/wp-content\/uploads\/2025\/04\/messenger_creation_bc31132c-aa89-4448-87b5-0c619a857cd78969025034379437227.jpeg 768w, https:\/\/www.gudahagen.se\/wp-content\/uploads\/2025\/04\/messenger_creation_bc31132c-aa89-4448-87b5-0c619a857cd78969025034379437227-225x300.jpeg 225w\" sizes=\"auto, (max-width: 768px) 100vw, 768px\" \/><\/p>\n<p><!--more--><\/p>\n<p>Andreas Olsson<br \/>\nAnsvarsomr\u00e5de: Kontaktperson f\u00f6r krigare, Byggande av marknad,<br \/>\n0709816081 epost: info@gudahagen.se<\/p>\n<p><a href=\"https:\/\/www.gudahagen.se\/wp-content\/uploads\/2013\/03\/sanna1.jpg\"><\/a><\/p>\n<p dir=\"ltr\"><a href=\"https:\/\/www.gudahagen.se\/wp-content\/uploads\/2017\/08\/IMG_20170729_191157296.jpg\"><img loading=\"lazy\" decoding=\"async\" src=\"https:\/\/www.gudahagen.se\/wp-content\/uploads\/2017\/08\/IMG_20170729_191157296.jpg\" class=\"aligncenter size-full wp-image-1869\" title=\"Nina\" alt=\"\" width=\"150\" height=\"266\" srcset=\"https:\/\/www.gudahagen.se\/wp-content\/uploads\/2017\/08\/IMG_20170729_191157296.jpg 1097w, https:\/\/www.gudahagen.se\/wp-content\/uploads\/2017\/08\/IMG_20170729_191157296-169x300.jpg 169w, https:\/\/www.gudahagen.se\/wp-content\/uploads\/2017\/08\/IMG_20170729_191157296-768x1365.jpg 768w, https:\/\/www.gudahagen.se\/wp-content\/uploads\/2017\/08\/IMG_20170729_191157296-576x1024.jpg 576w\" sizes=\"auto, (max-width: 150px) 100vw, 150px\" \/><\/a><\/p>\n<p dir=\"ltr\">Nina Arela<br \/>\nAnsvarsomr\u00e5de: H\u00e5lla ordning o reda.<br \/>\n073-4003307<\/p>\n<p><img loading=\"lazy\" decoding=\"async\" src=\"https:\/\/www.gudahagen.se\/wp-content\/uploads\/2025\/04\/messenger_creation_6bf7d2c5-f1c2-4a4e-b7fb-8849eb659b767351827235079461641.jpeg\" class=\"alignnone size-full wp-image-3026\" width=\"960\" height=\"958\" srcset=\"https:\/\/www.gudahagen.se\/wp-content\/uploads\/2025\/04\/messenger_creation_6bf7d2c5-f1c2-4a4e-b7fb-8849eb659b767351827235079461641.jpeg 960w, https:\/\/www.gudahagen.se\/wp-content\/uploads\/2025\/04\/messenger_creation_6bf7d2c5-f1c2-4a4e-b7fb-8849eb659b767351827235079461641-300x300.jpeg 300w, https:\/\/www.gudahagen.se\/wp-content\/uploads\/2025\/04\/messenger_creation_6bf7d2c5-f1c2-4a4e-b7fb-8849eb659b767351827235079461641-150x150.jpeg 150w, https:\/\/www.gudahagen.se\/wp-content\/uploads\/2025\/04\/messenger_creation_6bf7d2c5-f1c2-4a4e-b7fb-8849eb659b767351827235079461641-768x766.jpeg 768w, https:\/\/www.gudahagen.se\/wp-content\/uploads\/2025\/04\/messenger_creation_6bf7d2c5-f1c2-4a4e-b7fb-8849eb659b767351827235079461641-301x300.jpeg 301w\" sizes=\"auto, (max-width: 960px) 100vw, 960px\" \/><\/p>\n<p>Emil &#8221;Wesse&#8221; Wessman<br \/>\n070-6587387<br \/>\n<span style=\"font-size: inherit\">Ansvarsomr\u00e5de: Vice <\/span>ordf\u00f6rande.<span style=\"font-size: inherit\"> <\/span>Uppbyggnad<span style=\"font-size: inherit\"> av marknad<\/span>.<span style=\"font-size: inherit\"> Kontraktsman <\/span><\/p>\n<p><img loading=\"lazy\" decoding=\"async\" src=\"https:\/\/www.gudahagen.se\/wp-content\/uploads\/2025\/04\/messenger_creation_71b298fa-1f77-4a00-92c8-3ce6d9a1fc854102509455238523880.jpeg\" class=\"alignnone size-large wp-image-3024\" width=\"768\" height=\"1024\" data-temp-aztec-id=\"3d47ff5e-a459-4ca3-b5c7-e91ba06f38b1\" srcset=\"https:\/\/www.gudahagen.se\/wp-content\/uploads\/2025\/04\/messenger_creation_71b298fa-1f77-4a00-92c8-3ce6d9a1fc854102509455238523880.jpeg 768w, https:\/\/www.gudahagen.se\/wp-content\/uploads\/2025\/04\/messenger_creation_71b298fa-1f77-4a00-92c8-3ce6d9a1fc854102509455238523880-225x300.jpeg 225w\" sizes=\"auto, (max-width: 768px) 100vw, 768px\" \/><\/p>\n<p>Jessica &#8221;Sessan&#8221; Olsson<\/p>\n<p>Ansvarsomr\u00e5de: Allm\u00e4nt bossande sekreterare, sociala medier\/hemsida. Fotograf \u00e5t Gudahagen<\/p>\n<p>social@gudahagen.se<\/p>\n<p><img loading=\"lazy\" decoding=\"async\" src=\"https:\/\/www.gudahagen.se\/wp-content\/uploads\/2025\/04\/received_17292450344693237692557808504784791.jpeg\" class=\"alignnone size-large wp-image-3028\" width=\"365\" height=\"1024\" srcset=\"https:\/\/www.gudahagen.se\/wp-content\/uploads\/2025\/04\/received_17292450344693237692557808504784791.jpeg 713w, https:\/\/www.gudahagen.se\/wp-content\/uploads\/2025\/04\/received_17292450344693237692557808504784791-107x300.jpeg 107w, https:\/\/www.gudahagen.se\/wp-content\/uploads\/2025\/04\/received_17292450344693237692557808504784791-365x1024.jpeg 365w, https:\/\/www.gudahagen.se\/wp-content\/uploads\/2025\/04\/received_17292450344693237692557808504784791-548x1536.jpeg 548w\" sizes=\"auto, (max-width: 365px) 100vw, 365px\" \/><\/p>\n<p>Birgitta S\u00f6rensen<\/p>\n<p>Ansvarsomr\u00e5de: Penningh\u00e5llare, h\u00e5ller vakande \u00f6ga p\u00e5 detaljer<\/p>\n<p>kassor@gudahagen.se<\/p>\n<p><img loading=\"lazy\" decoding=\"async\" src=\"https:\/\/www.gudahagen.se\/wp-content\/uploads\/2026\/02\/img_6390.jpg\" class=\"size-full wp-image-3823\" width=\"1150\" height=\"2000\" srcset=\"https:\/\/www.gudahagen.se\/wp-content\/uploads\/2026\/02\/img_6390.jpg 1150w, https:\/\/www.gudahagen.se\/wp-content\/uploads\/2026\/02\/img_6390-173x300.jpg 173w, https:\/\/www.gudahagen.se\/wp-content\/uploads\/2026\/02\/img_6390-589x1024.jpg 589w, https:\/\/www.gudahagen.se\/wp-content\/uploads\/2026\/02\/img_6390-768x1336.jpg 768w, https:\/\/www.gudahagen.se\/wp-content\/uploads\/2026\/02\/img_6390-883x1536.jpg 883w\" sizes=\"auto, (max-width: 1150px) 100vw, 1150px\" \/><\/p>\n<p>Bettan<\/p>\n<p>Ansvarsomr\u00e5de: Suppleant. Ser till att saker blir gjorda<\/p>\n","protected":false},"excerpt":{"rendered":"<p>Vill ni komma i kontakt med oss s\u00e5 \u00e4r det f\u00f6ljande mejl som g\u00e4ller kassor@gudahagen.se &#8211; allt som g\u00e4ller medlemskap, pengar och sponsring social@gudahagen.se &#8211; allt som r\u00f6r sociala medier, hemsida, samarbetspartners info@gudahagen.se &#8211; fr\u00e5gor ang marknad och allt annat &hellip; <a href=\"https:\/\/www.gudahagen.se\/?page_id=12\">Forts\u00e4tt l\u00e4sa <span class=\"meta-nav\">&rarr;<\/span><\/a><\/p>\n","protected":false},"author":2,"featured_media":0,"parent":0,"menu_order":4,"comment_status":"closed","ping_status":"closed","template":"","meta":{"ngg_post_thumbnail":0,"footnotes":""},"class_list":["post-12","page","type-page","status-publish","hentry"],"_links":{"self":[{"href":"https:\/\/www.gudahagen.se\/index.php?rest_route=\/wp\/v2\/pages\/12","targetHints":{"allow":["GET"]}}],"collection":[{"href":"https:\/\/www.gudahagen.se\/index.php?rest_route=\/wp\/v2\/pages"}],"about":[{"href":"https:\/\/www.gudahagen.se\/index.php?rest_route=\/wp\/v2\/types\/page"}],"author":[{"embeddable":true,"href":"https:\/\/www.gudahagen.se\/index.php?rest_route=\/wp\/v2\/users\/2"}],"replies":[{"embeddable":true,"href":"https:\/\/www.gudahagen.se\/index.php?rest_route=%2Fwp%2Fv2%2Fcomments&post=12"}],"version-history":[{"count":63,"href":"https:\/\/www.gudahagen.se\/index.php?rest_route=\/wp\/v2\/pages\/12\/revisions"}],"predecessor-version":[{"id":3838,"href":"https:\/\/www.gudahagen.se\/index.php?rest_route=\/wp\/v2\/pages\/12\/revisions\/3838"}],"wp:attachment":[{"href":"https:\/\/www.gudahagen.se\/index.php?rest_route=%2Fwp%2Fv2%2Fmedia&parent=12"}],"curies":[{"name":"wp","href":"https:\/\/api.w.org\/{rel}","templated":true}]}}